se
Is 5635104 a multiple of 24?
True
Does 519 divide 414467?
False
Is 1063498 a multiple of 8?
False
Is 822864 a multiple of 62?
True
Does 42 divide 1794226?
False
Does 305 divide 251126?
False
Is 171042 a multiple of 132?
False
Is 963581 a multiple of 400?
False
Is 262 a factor of 14181274?
True
Does 53 divide 172886?
True
Is 1114465 a multiple of 23?
True
Does 32 divide 191983?
False
Does 34 divide 875398?
True
Does 76 divide 391704?
True
Does 9 divide 472343?
False
Does 10 divide 91540?
True
Is 45746 a multiple of 257?
True
Is 7 a factor of 275362?
False
Does 32 divide 54738?
False
Is 17690937 a multiple of 1094?
False
Is 471 a factor of 3951219?
True
Is 118 a factor of 1419360?
False
Is 31035 a multiple of 15?
True
Is 301658 a multiple of 36?
False
Is 1835754 a multiple of 271?
True
Is 264810 a multiple of 65?
True
Is 1510926 a multiple of 611?
False
Does 20 divide 569660?
True
Does 153 divide 190791?
True
Is 2350258 a multiple of 109?
True
Is 3354338 a multiple of 26?
True
Does 342 divide 5533902?
True
Is 5023642 a multiple of 306?
False
Does 47 divide 2680504?
True
Is 25 a factor of 650913?
False
Is 397394 a multiple of 23?
True
Is 822816 a multiple of 47?
False
Is 591 a factor of 5482707?
True
Does 281 divide 4191396?
True
Is 21087 a multiple of 27?
True
Does 18 divide 253340?
False
Is 334218 a multiple of 123?
False
Does 9 divide 1948014?
True
Does 110 divide 574200?
True
Does 463 divide 14434443?
False
Is 1196784 a multiple of 16?
True
Is 99 a factor of 808766?
False
Is 411546 a multiple of 759?
False
Is 8 a factor of 234247?
False
Is 47 a factor of 5995226?
True
Is 156 a factor of 14397?
False
Is 23937 a multiple of 79?
True
Does 64 divide 303168?
True
Is 4198110 a multiple of 29?
False
Is 18 a factor of 2801541?
False
Does 8 divide 14350?
False
Is 197587 a multiple of 13?
True
Does 639 divide 944442?
True
Does 11 divide 144744?
False
Does 12 divide 887064?
True
Does 35 divide 2149497?
False
Is 102 a factor of 1646382?
True
Is 13 a factor of 8272722?
False
Is 4876 a multiple of 33?
False
Does 327 divide 783714?
False
Does 14 divide 251463?
False
Is 131589 a multiple of 498?
False
Is 396468 a multiple of 13?
False
Does 1357 divide 4522881?
True
Is 568 a factor of 10682944?
True
Is 8 a factor of 42369?
False
Is 10 a factor of 7180?
True
Is 206919 even?
False
Is 68 a factor of 4248028?
True
Is 75 a factor of 194100?
True
Is 529210 a multiple of 275?
False
Does 31 divide 262934?
False
Does 215 divide 15242296?
False
Is 1320336 a multiple of 346?
True
Does 364 divide 102648?
True
Is 32420 a multiple of 10?
True
Is 91976 a multiple of 8?
True
Does 698 divide 1152175?
False
Does 98 divide 639980?
False
Is 3827936 a multiple of 743?
True
Is 11580380 a multiple of 78?
False
Is 175182 a multiple of 291?
True
Is 5986684 a multiple of 1436?
True
Is 188866 a multiple of 4?
False
Is 1276 a factor of 1869340?
True
Is 28 a factor of 985307?
False
Is 94 a factor of 125208?
True
Is 8 a factor of 1394648?
True
Does 272 divide 132089?
False
Does 321 divide 1690160?
False
Is 54636 a multiple of 14?
False
Is 1427800 a multiple of 649?
True
Does 969 divide 27048666?
True
Is 52 a factor of 126100?
True
Does 12 divide 74520?
True
Does 377 divide 142806?
False
Is 886 a factor of 2729652?
False
Is 31 a factor of 1878352?
True
Does 106 divide 1533601?
False
Is 259655 a multiple of 14?
False
Is 36 a factor of 284558?
False
Is 359435 a multiple of 216?
False
Does 354 divide 9617453?
False
Is 152 a factor of 16096800?
True
Is 30 a factor of 118620?
True
Is 8501216 a multiple of 16?
True
Is 32 a factor of 969664?
True
Does 297 divide 807022?
False
Does 22 divide 5672084?
True
Is 1418064 a multiple of 43?
False
Is 7630675 a multiple of 1325?
True
Is 28305 a multiple of 11?
False
Does 107 divide 1922171?
False
Is 2779056 a multiple of 16?
True
Does 108 divide 34560?
True
Does 18 divide 1557414?
True
Does 30 divide 40171?
False
Does 211 divide 46122?
False
Is 157 a factor of 135589?
False
Does 866 divide 15212156?
True
Does 1125 divide 1502269?
False
Is 30605 a multiple of 37?
False
Does 165 divide 2359005?
True
Is 10 a factor of 53170?
True
Is 90298 a multiple of 13?
True
Is 317494 a multiple of 26?
False
Is 15 a factor of 12988230?
True
Is 35 a factor of 2624685?
True
Is 134 a factor of 488703?
False
Is 142296 a multiple of 264?
True
Is 23 a factor of 1584846?
False
Does 3 divide 14166?
True
Is 83085 a multiple of 291?
False
Is 945695 a multiple of 30?
False
Does 11 divide 12333296?
False
Is 105806 a multiple of 126?
False
Is 22 a factor of 1486386?
True
Is 28725830 a multiple of 13?
False
Does 8 divide 6318?
False
Is 5086908 a multiple of 1809?
True
Is 53941 a multiple of 4?
False
Is 7334507 a multiple of 102?
False
Is 7 a factor of 291419?
False
Is 251 a factor of 1295455?
False
Is 16 a factor of 165936?
True
Does 712 divide 521896?
True
Is 14 a factor of 133320?
False
Is 56314 a multiple of 9?
False
Is 55723 a multiple of 7?
False
Does 14 divide 6245?
False
Is 23 a factor of 861001?
False
Is 6 a factor of 9599?
False
Is 28 a factor of 27328?
True
Is 62 a factor of 191839?
False
Is 31 a factor of 125023?
True
Does 155 divide 1412205?
True
Is 111426 a multiple of 21?
True
Is 1420383 a multiple of 19?
True
Does 9 divide 835856?
False
Is 3 a factor of 20920?
False
Does 3 divide 6927?
True
Does 231 divide 231296?
False
Is 113 a factor of 226210?
False
Is 1290849 a multiple of 37?
False
Is 267 a factor of 495570?
False
Does 16 divide 233?
False
Is 47400 a multiple of 237?
True
Is 58 a factor of 127774?
True
Does 6 divide 3335?
False
Does 105 divide 893025?
True
Is 213268 a multiple of 407?
True
Does 238 divide 57378?
False
Is 17 a factor of 350812?
True
Does 102 divide 43323?
False
Does 30 divide 2044443?
False
Is 25 a factor of 1386550?
True
Is 38 a factor of 2750808?
False
Is 64374 a multiple of 104?
False
Does 238 divide 849660?
True
Does 41 divide 6355522?
False
Is 140260 a multiple of 20?
True
Is 611488 a multiple of 11?
False
Is 4 a factor of 377080?
True
Is 88647 a multiple of 16?
False
Is 7 a factor of 341726?
True
Does 349 divide 187064?
True
Is 21 a factor of 120664?
False
Is 27 a factor of 467239?
False
Is 348555 a multiple of 90?
False
Is 11308330 a multiple of 543?
False
Does 245 divide 134879?
False
Is 571144 a multiple of 12?
False
Does 4 divide 720200?
True
Is 531489 a multiple of 211?
False
Does 10 divide 1736380?
True
Is 4678428 a multiple of 41?
True
Is 106 a factor of 19504?
True
Is 346 a factor of 6837254?
False
Is 693711 a multiple of 27?
True
Is 1528254 a multiple of 273?
True
Does 18 divide 17687019?
False
Is 2 a factor of 90538?
True
Is 5 a factor of 288286?
False
Is 158 a factor of 1145848?
False
Is 116424 a multiple of 126?
True
Is 25 a factor of 2247939?
False
Is 206075 a multiple of 298?
False
Is 1224833 a multiple of 11?
False
Is 3736875 a multiple of 10?
False
Is 3978578 a multiple of 6?
False
Is 16 a factor of 823558?
False
Is 12 a factor of 10358402?
False
Does 91 divide 4962963?
False
Is 709865 a multiple of 67?
True
Does 184 divide 16410338?
False
Is 9030140 a multiple of 154?
False
Does 28 divide 112868?
True
Is 22 a factor of 249597?
False
Is 62880 a multiple of 786?
True
Is 144 a factor of 44496?
True
Does 323 divide 94007?
False
Does 378 divide 605905?
False
Is 44 a factor of 1255056?
True
Is 463218 a multiple of 18?
False
Is 266165 a multiple of 137?
False
Is 121 a factor of 901571?
True
Is 267087 a multiple of 2?
False
Does 8 divide 5488931?
False
Is 25 a factor of 32625?
True
Is 182283 a multiple of 25?
False
Is 16 a factor of 216464?
True
Is 25 a factor of 592175?
True
Is 4732848 a multiple of 72?
True
Does 4 divide 148068?
True
Is 15210 a multiple of 25?
False
Is 142 a factor of 6111917?
False
Is 565336 a multiple of 8?
True
Is 1512694 a multiple of 199?
False
Is 11240243 a multiple of 107?
True
Is 3193096 a multiple of 16?
False
Is 805662 a multiple of 429?
True
Does 277 divide 128387?
False
Is 13 a factor of 125788?
True
Is 2952606 a multiple of 213?
True
Is 138 a factor of 475686?
True
Is 653779 a multiple of 1366?
False
Does 5 divide 1759190?
True
Does 13 divide 218137?
False
Does 114 divide 1123698?
True
Is 2 a factor of 317625?
False
Is 415 a factor of 3206290?
True
Is 2385 a multiple of 53?
True
Is 11 a factor of 